{"id":379,"date":"2022-12-17T16:31:45","date_gmt":"2022-12-17T15:31:45","guid":{"rendered":"https:\/\/lewebpedagogique.com\/artetdechirure\/?page_id=379"},"modified":"2026-02-09T14:08:20","modified_gmt":"2026-02-09T13:08:20","slug":"eric-demelis","status":"publish","type":"page","link":"https:\/\/museeartetdechirure.jfguillou.fr\/index.php\/eric-demelis\/","title":{"rendered":"\u00c9ric DEMELIS"},"content":{"rendered":"\n<figure class=\"wp-block-image size-large is-resized\"><a href=\"https:\/\/ericdemelis.wordpress.com\/\" target=\"_blank\" rel=\"noreferrer noopener\"><img loading=\"lazy\" decoding=\"async\" width=\"1024\" height=\"1024\" src=\"https:\/\/musee.artetdechirure.fr\/wp-content\/uploads\/2023\/02\/internet-clipart-internet-logo-3-1-1024x1024.png\" alt=\"\" class=\"wp-image-29545\" style=\"width:43px;height:43px\" srcset=\"https:\/\/museeartetdechirure.jfguillou.fr\/wp-content\/uploads\/2023\/02\/internet-clipart-internet-logo-3-1-1024x1024.png 1024w, https:\/\/museeartetdechirure.jfguillou.fr\/wp-content\/uploads\/2023\/02\/internet-clipart-internet-logo-3-1-300x300.png 300w, https:\/\/museeartetdechirure.jfguillou.fr\/wp-content\/uploads\/2023\/02\/internet-clipart-internet-logo-3-1-150x150.png 150w, https:\/\/museeartetdechirure.jfguillou.fr\/wp-content\/uploads\/2023\/02\/internet-clipart-internet-logo-3-1-768x768.png 768w, https:\/\/museeartetdechirure.jfguillou.fr\/wp-content\/uploads\/2023\/02\/internet-clipart-internet-logo-3-1-1536x1536.png 1536w, https:\/\/museeartetdechirure.jfguillou.fr\/wp-content\/uploads\/2023\/02\/internet-clipart-internet-logo-3-1-2048x2048.png 2048w\" sizes=\"auto, (max-width: 1024px) 100vw, 1024px\" \/><\/a><\/figure>\n\n\n\n<p><\/p>\n\n\n\n<p>\u00c9ric DEMELIS est n\u00e9 le 27 d\u00e9cembre 1974 \u00e0 Annecy. Il vit et travaille \u00e0 Grenoble. Influenc\u00e9 par Pieter Brueghel, J\u00e9r\u00f4me Bosch, l&rsquo;art brut et le monde de la BD. Univers satur\u00e9s, foisonnement de la figure, fantasmes, angoisses, omnipr\u00e9sence de l&rsquo;\u0153il qui contemple le spectateur : mise en abyme. Support et technique privil\u00e9gi\u00e9s : encre de Chine sur papier. Premi\u00e8re exposition personnelle en f\u00e9vrier 2013 \u00e0 la galerie grenobloise <a rel=\"noreferrer noopener\" href=\"https:\/\/sites.google.com\/site\/alterartorg\/expositions\/2017-2018\/eric-demelis\" target=\"_blank\">Alter-Art<\/a>.<\/p>\n\n\n\n<figure class=\"wp-block-image size-large\"><a href=\"https:\/\/museeartetdechirure.jfguillou.fr\/wp-content\/uploads\/2026\/02\/DEMELIS.jpg\"><img loading=\"lazy\" decoding=\"async\" width=\"1024\" height=\"1019\" src=\"https:\/\/museeartetdechirure.jfguillou.fr\/wp-content\/uploads\/2026\/02\/DEMELIS-1024x1019.jpg\" alt=\"\" class=\"wp-image-34675\" srcset=\"https:\/\/museeartetdechirure.jfguillou.fr\/wp-content\/uploads\/2026\/02\/DEMELIS-1024x1019.jpg 1024w, https:\/\/museeartetdechirure.jfguillou.fr\/wp-content\/uploads\/2026\/02\/DEMELIS-300x298.jpg 300w, https:\/\/museeartetdechirure.jfguillou.fr\/wp-content\/uploads\/2026\/02\/DEMELIS-150x150.jpg 150w, https:\/\/museeartetdechirure.jfguillou.fr\/wp-content\/uploads\/2026\/02\/DEMELIS-768x764.jpg 768w, https:\/\/museeartetdechirure.jfguillou.fr\/wp-content\/uploads\/2026\/02\/DEMELIS.jpg 1168w\" sizes=\"auto, (max-width: 1024px) 100vw, 1024px\" \/><\/a><figcaption class=\"wp-element-caption\"><sup>\u00c9ric DEMELIS, <em>08\/09\/2017<\/em>, collection Mus\u00e9e Art et D\u00e9chirure <\/sup><\/figcaption><\/figure>\n\n\n\n<p><a href=\"https:\/\/fr-fr.facebook.com\/eric.demelis\/\" target=\"_blank\" rel=\"noreferrer noopener\">https:\/\/fr-fr.facebook.com\/eric.demelis\/<\/a><\/p>\n\n\n\n<hr class=\"wp-block-separator has-css-opacity\"\/>\n\n\n\n<p><strong>Notice du catalogue du Festival Art et D\u00e9chirure 2019 :<\/strong><\/p>\n\n\n\n<p>Le terrain de jeu d\u2019\u00c9ric Demelis se situe aux limites, en lisi\u00e8re de plusieurs univers : ni art savant ni produit d\u2019une quelconque expression <em>art-brutiste<\/em>, ni bande dessin\u00e9e ni dessin classique, ni r\u00e9aliste ni onirique, ni drolatique ni s\u00e9rieux\u2026 et, cependant, quand m\u00eame un peu tout ceci \u00e0 la fois\u2026 Ce sont cette ind\u00e9finition d\u00e9finitive et cette instabilit\u00e9 essentielle qui nous attirent et nous captivent. On pressent que ses compositions sont porteuses de sens mais le d\u00e9cryptage en est difficile. On soup\u00e7onne cependant une logique inflexible derri\u00e8re tous ces montages, un peu \u00e0 la fa\u00e7on dont Raymond Roussel construisait ses r\u00e9cits. Mais les rails en mou de veau portant la statue de l\u2019ilote en baleines de corset fuient d\u00e8s que l\u2019on s\u2019efforce d\u2019en appr\u00e9hender la signification\u2026<br>On d\u00e9c\u00e8le, dans les dessins d\u2019\u00c9ric Demelis, qu\u2019ils soient r\u00e9alis\u00e9s en solo ou en duo, la manifestation d\u2019angoisses sous-jacentes, de peurs refoul\u00e9es, qui s\u2019enracinent dans les mythes et les nostalgies d\u2019un pass\u00e9 plus ou moins distant. Ils r\u00e9v\u00e8lent la difficile exp\u00e9rience d\u2019une vie, en perp\u00e9tuelle tension entre <em>\u00eatre<\/em> et <em>para\u00eetre<\/em>, entre <em>agir<\/em> et <em>observer<\/em>, entre <em>implication<\/em> et <em>contemplation<\/em>, ce qui faisait dire \u00e0 Sartre : \u00ab La vie, c\u2019est une panique dans un th\u00e9\u00e2tre en feu. \u00bb Et quand il faut sauver les meubles devant la menace de l\u2019in\u00adcendie, l\u2019artiste fait le choix de se retirer avec ses fantasmes et ses regrets plut\u00f4t que de prendre le risque de repartir d\u2019une page blanche.<\/p>\n\n\n\n<p>Louis Doucet, ao\u00fbt 2015<\/p>\n","protected":false},"excerpt":{"rendered":"<p>\u00c9ric DEMELIS est n\u00e9 le 27 d\u00e9cembre 1974 \u00e0 Annecy. Il vit et travaille \u00e0 Grenoble. Influenc\u00e9 par Pieter Brueghel, J\u00e9r\u00f4me Bosch, l&rsquo;art brut et le monde de la BD. Univers satur\u00e9s, foisonnement de la figure, fantasmes, angoisses, omnipr\u00e9sence de&#8230; <a href=\"https:\/\/museeartetdechirure.jfguillou.fr\/index.php\/eric-demelis\/\">Continue reading<\/a><\/p>\n","protected":false},"author":1,"featured_media":0,"parent":0,"menu_order":0,"comment_status":"closed","ping_status":"closed","template":"","meta":{"footnotes":""},"class_list":["post-379","page","type-page","status-publish","hentry"],"_links":{"self":[{"href":"https:\/\/museeartetdechirure.jfguillou.fr\/index.php\/wp-json\/wp\/v2\/pages\/379","targetHints":{"allow":["GET"]}}],"collection":[{"href":"https:\/\/museeartetdechirure.jfguillou.fr\/index.php\/wp-json\/wp\/v2\/pages"}],"about":[{"href":"https:\/\/museeartetdechirure.jfguillou.fr\/index.php\/wp-json\/wp\/v2\/types\/page"}],"author":[{"embeddable":true,"href":"https:\/\/museeartetdechirure.jfguillou.fr\/index.php\/wp-json\/wp\/v2\/users\/1"}],"replies":[{"embeddable":true,"href":"https:\/\/museeartetdechirure.jfguillou.fr\/index.php\/wp-json\/wp\/v2\/comments?post=379"}],"version-history":[{"count":3,"href":"https:\/\/museeartetdechirure.jfguillou.fr\/index.php\/wp-json\/wp\/v2\/pages\/379\/revisions"}],"predecessor-version":[{"id":34677,"href":"https:\/\/museeartetdechirure.jfguillou.fr\/index.php\/wp-json\/wp\/v2\/pages\/379\/revisions\/34677"}],"wp:attachment":[{"href":"https:\/\/museeartetdechirure.jfguillou.fr\/index.php\/wp-json\/wp\/v2\/media?parent=379"}],"curies":[{"name":"wp","href":"https:\/\/api.w.org\/{rel}","templated":true}]}}