{"id":34606,"date":"2026-02-09T09:31:38","date_gmt":"2026-02-09T08:31:38","guid":{"rendered":"https:\/\/museeartetdechirure.jfguillou.fr\/?page_id=34606"},"modified":"2026-02-09T09:31:38","modified_gmt":"2026-02-09T08:31:38","slug":"nicole-baillehache","status":"publish","type":"page","link":"https:\/\/museeartetdechirure.jfguillou.fr\/index.php\/nicole-baillehache\/","title":{"rendered":"Nicole BAILLEHACHE"},"content":{"rendered":"\n<figure class=\"wp-block-image size-large\"><a href=\"https:\/\/museeartetdechirure.jfguillou.fr\/wp-content\/uploads\/2026\/02\/Capture-decran-2023-10-30-a-08.35.35.png\"><img loading=\"lazy\" decoding=\"async\" width=\"911\" height=\"1024\" src=\"https:\/\/museeartetdechirure.jfguillou.fr\/wp-content\/uploads\/2026\/02\/Capture-decran-2023-10-30-a-08.35.35-911x1024.png\" alt=\"\" class=\"wp-image-34607\" srcset=\"https:\/\/museeartetdechirure.jfguillou.fr\/wp-content\/uploads\/2026\/02\/Capture-decran-2023-10-30-a-08.35.35-911x1024.png 911w, https:\/\/museeartetdechirure.jfguillou.fr\/wp-content\/uploads\/2026\/02\/Capture-decran-2023-10-30-a-08.35.35-267x300.png 267w, https:\/\/museeartetdechirure.jfguillou.fr\/wp-content\/uploads\/2026\/02\/Capture-decran-2023-10-30-a-08.35.35-768x863.png 768w, https:\/\/museeartetdechirure.jfguillou.fr\/wp-content\/uploads\/2026\/02\/Capture-decran-2023-10-30-a-08.35.35.png 1098w\" sizes=\"auto, (max-width: 911px) 100vw, 911px\" \/><\/a><figcaption class=\"wp-element-caption\"><sup>Nicole BAILLEHACHE, sans titre, 2007, c\u00e9ramique, 30 x 21 cm, collection Mus\u00e9e Art et D\u00e9chirure, photo JFG<\/sup><\/figcaption><\/figure>\n","protected":false},"excerpt":{"rendered":"","protected":false},"author":1,"featured_media":0,"parent":0,"menu_order":0,"comment_status":"closed","ping_status":"closed","template":"","meta":{"footnotes":""},"class_list":["post-34606","page","type-page","status-publish","hentry"],"_links":{"self":[{"href":"https:\/\/museeartetdechirure.jfguillou.fr\/index.php\/wp-json\/wp\/v2\/pages\/34606","targetHints":{"allow":["GET"]}}],"collection":[{"href":"https:\/\/museeartetdechirure.jfguillou.fr\/index.php\/wp-json\/wp\/v2\/pages"}],"about":[{"href":"https:\/\/museeartetdechirure.jfguillou.fr\/index.php\/wp-json\/wp\/v2\/types\/page"}],"author":[{"embeddable":true,"href":"https:\/\/museeartetdechirure.jfguillou.fr\/index.php\/wp-json\/wp\/v2\/users\/1"}],"replies":[{"embeddable":true,"href":"https:\/\/museeartetdechirure.jfguillou.fr\/index.php\/wp-json\/wp\/v2\/comments?post=34606"}],"version-history":[{"count":1,"href":"https:\/\/museeartetdechirure.jfguillou.fr\/index.php\/wp-json\/wp\/v2\/pages\/34606\/revisions"}],"predecessor-version":[{"id":34609,"href":"https:\/\/museeartetdechirure.jfguillou.fr\/index.php\/wp-json\/wp\/v2\/pages\/34606\/revisions\/34609"}],"wp:attachment":[{"href":"https:\/\/museeartetdechirure.jfguillou.fr\/index.php\/wp-json\/wp\/v2\/media?parent=34606"}],"curies":[{"name":"wp","href":"https:\/\/api.w.org\/{rel}","templated":true}]}}