{"id":33404,"date":"2024-05-04T20:45:00","date_gmt":"2024-05-04T18:45:00","guid":{"rendered":"https:\/\/museeartetdechirure.jfguillou.fr\/?page_id=33404"},"modified":"2026-02-17T12:29:00","modified_gmt":"2026-02-17T11:29:00","slug":"qui-suis-je","status":"publish","type":"page","link":"https:\/\/museeartetdechirure.jfguillou.fr\/index.php\/qui-suis-je\/","title":{"rendered":"Qui suis-je ?"},"content":{"rendered":"\n<p>Jean-Fran\u00e7ois GUILLOU<\/p>\n\n\n\n<p>Cr\u00e9ateur, concepteur, administrateur et r\u00e9dacteur du site du <a href=\"https:\/\/musee.artetdechirure.fr\/\" data-type=\"link\" data-id=\"https:\/\/musee.artetdechirure.fr\/\" target=\"_blank\" rel=\"noreferrer noopener\">mus\u00e9e Art et D\u00e9chirure<\/a> de d\u00e9cembre 2022 \u00e0 octobre 2025. Les contenus cr\u00e9\u00e9s durant cette p\u00e9riode ne sont plus accessibles aujourd&rsquo;hui sur ce site, la nouvelle \u00e9quipe ayant souhait\u00e9 \u00ab\u00a0tourner la page\u00a0\u00bb. <br>Consid\u00e9rant que ces contenus peuvent malgr\u00e9 tout pr\u00e9senter un int\u00e9r\u00eat, j&rsquo;ai sauvegard\u00e9 ce qui a pu l&rsquo;\u00eatre et je mets ici ce mat\u00e9riel \u00e0 la libre disposition de ceux qui s&rsquo;int\u00e9ressent \u00e0 l&rsquo;histoire et \u00e0 la collection de ce mus\u00e9e singulier.<\/p>\n\n\n\n<figure class=\"wp-block-image size-full is-resized\"><img loading=\"lazy\" decoding=\"async\" width=\"616\" height=\"752\" src=\"https:\/\/museeartetdechirure.jfguillou.fr\/wp-content\/uploads\/2024\/05\/Capture-decran-2024-05-04-a-20.46.27.png\" alt=\"\" class=\"wp-image-33409\" style=\"width:320px;height:auto\" srcset=\"https:\/\/museeartetdechirure.jfguillou.fr\/wp-content\/uploads\/2024\/05\/Capture-decran-2024-05-04-a-20.46.27.png 616w, https:\/\/museeartetdechirure.jfguillou.fr\/wp-content\/uploads\/2024\/05\/Capture-decran-2024-05-04-a-20.46.27-246x300.png 246w\" sizes=\"auto, (max-width: 616px) 100vw, 616px\" \/><\/figure>\n\n\n\n<p>Professeur agr\u00e9g\u00e9 d\u2019histoire-g\u00e9ographie<\/p>\n\n\n\n<p>Formation :<\/p>\n\n\n\n<ul class=\"wp-block-list\">\n<li>DEA d\u2019histoire culturelle (Universit\u00e9 de Rouen) \u2013 1995<\/li>\n\n\n\n<li>Ma\u00eetrise d\u2019histoire (Universit\u00e9 de Paris I \u2013 Panth\u00e9on-Sorbonne) \u2013 1983<\/li>\n\n\n\n<li>Licence d\u2019histoire (Universit\u00e9 de Paris I \u2013 Panth\u00e9on-Sorbonne) \u2013 1982<\/li>\n\n\n\n<li>Licence de philosophie (Universit\u00e9 de Paris I \u2013 Panth\u00e9on-Sorbonne) \u2013 1982<\/li>\n\n\n\n<li>Classes pr\u00e9paratoires Hypokh\u00e2gne et Kh\u00e2gne (Lyc\u00e9e Jeanne d\u2019Arc \u2013 Rouen)<\/li>\n<\/ul>\n\n\n\n<p>Publications :<\/p>\n\n\n\n<ul class=\"wp-block-list\">\n<li><em><a rel=\"noreferrer noopener\" href=\"https:\/\/www.worldcat.org\/fr\/title\/159843355\" target=\"_blank\">Avranches : la loi, le pain et Dieu (1789-1792)<\/a><a rel=\"noreferrer noopener\" href=\"https:\/\/www.worldcat.org\/fr\/title\/799382804\" target=\"_blank\">.<\/a><\/em> Revue de l\u2019Avranchin et du Pays de Granville, 221 p., mars 1985, tome LXII, n\u00b0 322.<\/li>\n\n\n\n<li><em><a rel=\"noreferrer noopener\" href=\"https:\/\/www.worldcat.org\/fr\/title\/53726427\" target=\"_blank\">Les Impressionnistes<\/a><\/em>, Solar, 1990.<\/li>\n\n\n\n<li><em><a rel=\"noreferrer noopener\" href=\"https:\/\/www.worldcat.org\/fr\/title\/34571275\" target=\"_blank\">Le Livre des grands peintres<\/a><\/em>, Solar, 1992.<\/li>\n\n\n\n<li><em><a rel=\"noreferrer noopener\" href=\"https:\/\/www.worldcat.org\/fr\/title\/1245303477\" target=\"_blank\">Les grands classiques de la peinture<\/a><\/em>, Solar, 1995.<\/li>\n\n\n\n<li><em><a rel=\"noreferrer noopener\" href=\"https:\/\/www.amazon.fr\/gp\/product\/2263025561\/ref=dbs_a_def_rwt_hsch_vapi_taft_p1_i0\" target=\"_blank\">La peinture en 1000 photos<\/a><\/em>, Solar, 1997.<\/li>\n\n\n\n<li><em><a rel=\"noreferrer noopener\" href=\"https:\/\/www.worldcat.org\/fr\/title\/407773207\" target=\"_blank\">Le Nil<\/a><\/em>, Time-Life Books, 1997.<\/li>\n\n\n\n<li><a rel=\"noreferrer noopener\" href=\"https:\/\/www.worldcat.org\/fr\/title\/40193261\" target=\"_blank\"><em>Pour la R\u00e9volution fran\u00e7aise. En hommage \u00e0 Claude Mazauric<\/em> (<\/a>ouvrage collectif). Publications de l\u2019Universit\u00e9 de Rouen (I.R.E.D. \u2013 C.R.H.C.T.), 1998.<\/li>\n\n\n\n<li><a rel=\"noreferrer noopener\" href=\"https:\/\/www.worldcat.org\/fr\/title\/492545710\" target=\"_blank\"><em>D\u00e9sir d\u2019Orient, la Peinture orientaliste au XIXe si\u00e8cle<\/em>,<\/a> CD-ROM, Les Temps qui Courent, 1999.<\/li>\n\n\n\n<li><em><a rel=\"noreferrer noopener\" href=\"https:\/\/www.worldcat.org\/fr\/title\/34571275\" target=\"_blank\">Les impressionnistes en 1000 photos,<\/a><\/em> Solar, 1999.<\/li>\n\n\n\n<li><em><a rel=\"noreferrer noopener\" href=\"https:\/\/www.worldcat.org\/fr\/title\/492545726\" target=\"_blank\">Aux sources bibliques de l\u2019art occidental, l\u2019Ancien Testament<\/a><\/em>, CD-ROM, Les Temps qui Courent, 1999.<\/li>\n\n\n\n<li><em><a rel=\"noreferrer noopener\" href=\"https:\/\/www.amazon.fr\/petit-livre-dans-main-lange\/dp\/1793278172\/ref=tmm_pap_swatch_0?_encoding=UTF8&amp;qid=1674323569&amp;sr=1-2\" target=\"_blank\">Le petit livre dans la main de l\u2019ange<\/a><\/em>, roman, 2019.<\/li>\n\n\n\n<li><em><a rel=\"noreferrer noopener\" href=\"https:\/\/www.amazon.fr\/Salom%C3%A9-mourut-%C3%A0-contrecoeur-roman\/dp\/1794048529\/ref=tmm_pap_swatch_0?_encoding=UTF8&amp;qid=1674323794&amp;sr=1-1-fkmr0\" target=\"_blank\">Salom\u00e9 mourut \u00e0 contrecoeur<\/a><\/em>, roman, 2019.<\/li>\n<\/ul>\n","protected":false},"excerpt":{"rendered":"<p>Jean-Fran\u00e7ois GUILLOU Cr\u00e9ateur, concepteur, administrateur et r\u00e9dacteur du site du mus\u00e9e Art et D\u00e9chirure de d\u00e9cembre 2022 \u00e0 octobre 2025. Les contenus cr\u00e9\u00e9s durant cette p\u00e9riode ne sont plus accessibles aujourd&rsquo;hui sur ce site, la nouvelle \u00e9quipe ayant souhait\u00e9 \u00ab\u00a0tourner&#8230; <a href=\"https:\/\/museeartetdechirure.jfguillou.fr\/index.php\/qui-suis-je\/\">Continue reading<\/a><\/p>\n","protected":false},"author":1,"featured_media":0,"parent":0,"menu_order":0,"comment_status":"closed","ping_status":"closed","template":"","meta":{"footnotes":""},"class_list":["post-33404","page","type-page","status-publish","hentry"],"_links":{"self":[{"href":"https:\/\/museeartetdechirure.jfguillou.fr\/index.php\/wp-json\/wp\/v2\/pages\/33404","targetHints":{"allow":["GET"]}}],"collection":[{"href":"https:\/\/museeartetdechirure.jfguillou.fr\/index.php\/wp-json\/wp\/v2\/pages"}],"about":[{"href":"https:\/\/museeartetdechirure.jfguillou.fr\/index.php\/wp-json\/wp\/v2\/types\/page"}],"author":[{"embeddable":true,"href":"https:\/\/museeartetdechirure.jfguillou.fr\/index.php\/wp-json\/wp\/v2\/users\/1"}],"replies":[{"embeddable":true,"href":"https:\/\/museeartetdechirure.jfguillou.fr\/index.php\/wp-json\/wp\/v2\/comments?post=33404"}],"version-history":[{"count":7,"href":"https:\/\/museeartetdechirure.jfguillou.fr\/index.php\/wp-json\/wp\/v2\/pages\/33404\/revisions"}],"predecessor-version":[{"id":34746,"href":"https:\/\/museeartetdechirure.jfguillou.fr\/index.php\/wp-json\/wp\/v2\/pages\/33404\/revisions\/34746"}],"wp:attachment":[{"href":"https:\/\/museeartetdechirure.jfguillou.fr\/index.php\/wp-json\/wp\/v2\/media?parent=33404"}],"curies":[{"name":"wp","href":"https:\/\/api.w.org\/{rel}","templated":true}]}}

<p>Jean-François GUILLOU</p>



<p>Créateur, concepteur, administrateur et rédacteur du site du <a href="https://musee.artetdechirure.fr/" data-type="link" data-id="https://musee.artetdechirure.fr/" target="_blank" rel="noreferrer noopener">musée Art et Déchirure</a> de décembre 2022 à octobre 2025. Les contenus créés durant cette période ne sont plus accessibles aujourd&rsquo;hui sur ce site, la nouvelle équipe ayant souhaité « tourner la page ». <br>Considérant que ces contenus peuvent malgré tout présenter un intérêt, j&rsquo;ai sauvegardé ce qui a pu l&rsquo;être et je mets ici ce matériel à la libre disposition de ceux qui s&rsquo;intéressent à l&rsquo;histoire et à la collection de ce musée singulier.</p>



<figure class="wp-block-image size-full is-resized"><img loading="lazy" decoding="async" width="616" height="752" src="https://museeartetdechirure.jfguillou.fr/wp-content/uploads/2024/05/Capture-decran-2024-05-04-a-20.46.27.png" alt="" class="wp-image-33409" style="width:320px;height:auto" srcset="https://museeartetdechirure.jfguillou.fr/wp-content/uploads/2024/05/Capture-decran-2024-05-04-a-20.46.27.png 616w, https://museeartetdechirure.jfguillou.fr/wp-content/uploads/2024/05/Capture-decran-2024-05-04-a-20.46.27-246x300.png 246w" sizes="auto, (max-width: 616px) 100vw, 616px" /></figure>



<p>Professeur agrégé d’histoire-géographie</p>



<p>Formation :</p>



<ul class="wp-block-list">
<li>DEA d’histoire culturelle (Université de Rouen) – 1995</li>



<li>Maîtrise d’histoire (Université de Paris I – Panthéon-Sorbonne) – 1983</li>



<li>Licence d’histoire (Université de Paris I – Panthéon-Sorbonne) – 1982</li>



<li>Licence de philosophie (Université de Paris I – Panthéon-Sorbonne) – 1982</li>



<li>Classes préparatoires Hypokhâgne et Khâgne (Lycée Jeanne d’Arc – Rouen)</li>
</ul>



<p>Publications :</p>



<ul class="wp-block-list">
<li><em><a rel="noreferrer noopener" href="https://www.worldcat.org/fr/title/159843355" target="_blank">Avranches : la loi, le pain et Dieu (1789-1792)</a><a rel="noreferrer noopener" href="https://www.worldcat.org/fr/title/799382804" target="_blank">.</a></em> Revue de l’Avranchin et du Pays de Granville, 221 p., mars 1985, tome LXII, n° 322.</li>



<li><em><a rel="noreferrer noopener" href="https://www.worldcat.org/fr/title/53726427" target="_blank">Les Impressionnistes</a></em>, Solar, 1990.</li>



<li><em><a rel="noreferrer noopener" href="https://www.worldcat.org/fr/title/34571275" target="_blank">Le Livre des grands peintres</a></em>, Solar, 1992.</li>



<li><em><a rel="noreferrer noopener" href="https://www.worldcat.org/fr/title/1245303477" target="_blank">Les grands classiques de la peinture</a></em>, Solar, 1995.</li>



<li><em><a rel="noreferrer noopener" href="https://www.amazon.fr/gp/product/2263025561/ref=dbs_a_def_rwt_hsch_vapi_taft_p1_i0" target="_blank">La peinture en 1000 photos</a></em>, Solar, 1997.</li>



<li><em><a rel="noreferrer noopener" href="https://www.worldcat.org/fr/title/407773207" target="_blank">Le Nil</a></em>, Time-Life Books, 1997.</li>



<li><a rel="noreferrer noopener" href="https://www.worldcat.org/fr/title/40193261" target="_blank"><em>Pour la Révolution française. En hommage à Claude Mazauric</em> (</a>ouvrage collectif). Publications de l’Université de Rouen (I.R.E.D. – C.R.H.C.T.), 1998.</li>



<li><a rel="noreferrer noopener" href="https://www.worldcat.org/fr/title/492545710" target="_blank"><em>Désir d’Orient, la Peinture orientaliste au XIXe siècle</em>,</a> CD-ROM, Les Temps qui Courent, 1999.</li>



<li><em><a rel="noreferrer noopener" href="https://www.worldcat.org/fr/title/34571275" target="_blank">Les impressionnistes en 1000 photos,</a></em> Solar, 1999.</li>



<li><em><a rel="noreferrer noopener" href="https://www.worldcat.org/fr/title/492545726" target="_blank">Aux sources bibliques de l’art occidental, l’Ancien Testament</a></em>, CD-ROM, Les Temps qui Courent, 1999.</li>



<li><em><a rel="noreferrer noopener" href="https://www.amazon.fr/petit-livre-dans-main-lange/dp/1793278172/ref=tmm_pap_swatch_0?_encoding=UTF8&amp;qid=1674323569&amp;sr=1-2" target="_blank">Le petit livre dans la main de l’ange</a></em>, roman, 2019.</li>



<li><em><a rel="noreferrer noopener" href="https://www.amazon.fr/Salom%C3%A9-mourut-%C3%A0-contrecoeur-roman/dp/1794048529/ref=tmm_pap_swatch_0?_encoding=UTF8&amp;qid=1674323794&amp;sr=1-1-fkmr0" target="_blank">Salomé mourut à contrecoeur</a></em>, roman, 2019.</li>
</ul>

<p>Jean-François GUILLOU Créateur, concepteur, administrateur et rédacteur du site du musée Art et Déchirure de décembre 2022 à octobre 2025. Les contenus créés durant cette période ne sont plus accessibles aujourd&rsquo;hui sur ce site, la nouvelle équipe ayant souhaité « tourner&#8230; <a href="https://museeartetdechirure.jfguillou.fr/index.php/qui-suis-je/">Continue reading</a></p>
