{"id":32335,"date":"2023-10-30T17:15:15","date_gmt":"2023-10-30T16:15:15","guid":{"rendered":"https:\/\/musee.artetdechirure.fr\/?page_id=32335"},"modified":"2026-02-07T19:00:21","modified_gmt":"2026-02-07T18:00:21","slug":"bertin-caroll-ber1","status":"publish","type":"page","link":"https:\/\/museeartetdechirure.jfguillou.fr\/index.php\/bertin-caroll-ber1\/","title":{"rendered":"BERTIN Caroll"},"content":{"rendered":"\n<p><strong>Caroll BERTIN<\/strong><\/p>\n\n\n\n<p>N\u00e9e en 1946, <strong>Caroll Bertin<\/strong> suit, d\u00e8s l\u2019\u00e2ge de seize ans, une ann\u00e9e pr\u00e9paratoire aux \u00e9coles d\u2019Arts D\u00e9coratifs. En 1971, apr\u00e8s de nombreux doutes, elle commence \u00e0 illustrer des livres pour enfants. Mais c\u2019est v\u00e9ritablement en 1980 qu\u2019elle se lance dans la cr\u00e9ation en volume en utilisant des v\u00eatements usag\u00e9s qu\u2019elle d\u00e9coupe, recoud et colle.<br>Elle privil\u00e9gie les vieux tissus (pantalons, pulls, <em>etc.<\/em>) qui portent encore en eux l\u2019\u00e2me de leurs ex-propri\u00e9taires. Il en surgit une foule de personnages tant\u00f4t \u00e9tranges, tant\u00f4t dr\u00f4les : \u00ab bonnes femmes \u00bb et \u00ab bonshommes \u00bb de toutes tailles. Son atelier est continuellement jonch\u00e9 de tissus et de bo\u00eetes o\u00f9 s\u2019entassent les v\u00eatements regroup\u00e9s par couleurs.<\/p>\n","protected":false},"excerpt":{"rendered":"<p>Caroll BERTIN N\u00e9e en 1946, Caroll Bertin suit, d\u00e8s l\u2019\u00e2ge de seize ans, une ann\u00e9e pr\u00e9paratoire aux \u00e9coles d\u2019Arts D\u00e9coratifs. En 1971, apr\u00e8s de nombreux doutes, elle commence \u00e0 illustrer des livres pour enfants. Mais c\u2019est v\u00e9ritablement en 1980 qu\u2019elle&#8230; <a href=\"https:\/\/museeartetdechirure.jfguillou.fr\/index.php\/bertin-caroll-ber1\/\">Continue reading<\/a><\/p>\n","protected":false},"author":1,"featured_media":0,"parent":0,"menu_order":0,"comment_status":"closed","ping_status":"closed","template":"","meta":{"footnotes":""},"class_list":["post-32335","page","type-page","status-publish","hentry"],"_links":{"self":[{"href":"https:\/\/museeartetdechirure.jfguillou.fr\/index.php\/wp-json\/wp\/v2\/pages\/32335","targetHints":{"allow":["GET"]}}],"collection":[{"href":"https:\/\/museeartetdechirure.jfguillou.fr\/index.php\/wp-json\/wp\/v2\/pages"}],"about":[{"href":"https:\/\/museeartetdechirure.jfguillou.fr\/index.php\/wp-json\/wp\/v2\/types\/page"}],"author":[{"embeddable":true,"href":"https:\/\/museeartetdechirure.jfguillou.fr\/index.php\/wp-json\/wp\/v2\/users\/1"}],"replies":[{"embeddable":true,"href":"https:\/\/museeartetdechirure.jfguillou.fr\/index.php\/wp-json\/wp\/v2\/comments?post=32335"}],"version-history":[{"count":2,"href":"https:\/\/museeartetdechirure.jfguillou.fr\/index.php\/wp-json\/wp\/v2\/pages\/32335\/revisions"}],"predecessor-version":[{"id":34602,"href":"https:\/\/museeartetdechirure.jfguillou.fr\/index.php\/wp-json\/wp\/v2\/pages\/32335\/revisions\/34602"}],"wp:attachment":[{"href":"https:\/\/museeartetdechirure.jfguillou.fr\/index.php\/wp-json\/wp\/v2\/media?parent=32335"}],"curies":[{"name":"wp","href":"https:\/\/api.w.org\/{rel}","templated":true}]}}